uppose 0 = -4*v + 1 + 3, 4*v = j - q. Calculate the highest common factor of 7 and j.
7
Let v(m) = 5*m**2 + 28*m - 3. Let c be v(-6). Suppose 7*b = 5*b - d + c, -5*b + 18 = 4*d. What is the greatest common divisor of b and 300?
6
Let x(n) = -3*n**2 - 69*n + 51. Let q be x(-19). Let m = q - 244. What is the greatest common factor of 40 and m?
5
Let u(z) = -7*z - 37. Let b be u(-9). Let g = b + -39. Let k = 46 + g. What is the highest common factor of 3 and k?
3
Suppose -4*r - 5*u = 2, 0 = -r - 3*u - 2 - 2. Let m = 265702 - 265640. What is the greatest common factor of r and m?
2
Let r be 1/6 + 61901/222. Let s = 62 - 35. Calculate the highest common factor of r and s.
9
Let n(v) = 316*v**2 - 24*v + 99. Let p be n(6). Calculate the greatest common factor of 9 and p.
9
Let x be (21/12)/(4/544). Let v = -218 + x. Calculate the greatest common factor of 20 and v.
20
Let o(x) = -143*x + 1256. Let m be o(4). Calculate the highest common factor of m and 608.
76
Let p(n) = -n**3 + 5*n**2 + n - 3. Let l be p(5). Let o(a) = l*a - 4 + 0*a + 1 + a. Let x be o(17). Calculate the highest common factor of 16 and x.
16
Let w be -6 + (-2)/((-1)/(-1)) - (869 - 19042). What is the highest common divisor of 105 and w?
105
Let b = -193 - -321. Suppose 75*f - 56 = -60*f + 1024. Calculate the highest common divisor of f and b.
8
Let j = 972 + -741. Calculate the greatest common factor of j and 385.
77
Suppose 19*w = 8*w + 55. Suppose x + 114 = -4*d + 620, -w*x + 2467 = -d. What is the greatest common divisor of x and 26?
26
Let k be 16/(-16) + -3 + 87 + -3. Calculate the highest common divisor of 2840 and k.
40
Suppose 3*f = -3*l + 90, f - 3*f = 4*l - 122. Suppose 26 = -y - l. Let o = -39 - y. Calculate the greatest common divisor of o and 36.
18
Suppose 3*v + 3*s - 366 = 0, -52*s + 49*s = -2*v + 219. Suppose 312 = u + 3*u. Calculate the highest common divisor of v and u.
39
Suppose 44044 = 828*r - 802*r. What is the highest common factor of r and 110?
22
Suppose 55*n - 46*n = 945. Suppose 0*t + 5*t + 4*i - 18 = 0, -12 = 4*i. Suppose -l - t*l = -n. Calculate the greatest common factor of 5 and l.
5
Let b be 16 + (3 - 4)*2. Let a = -11113 + 11148. What is the greatest common divisor of b and a?
7
Suppose 5*x - 23*d = -24*d + 160, -5*d - 128 = -4*x. Calculate the greatest common factor of x and 4888.
8
Suppose q = -5*n + 3220, -n = -2*q + 5*q - 658. Let f be n/8 + 5 + 172/(-32). What is the greatest common factor of 50 and f?
10
Let s = -2051 + 2067. Let l = 260 + -114. Suppose 3*i - l = -w, 2*i - 91 + 5 = 5*w. What is the greatest common divisor of i and s?
16
Let k be ((-2)/(-10))/(1624/180 - 9). Calculate the highest common divisor of 1629 and k.
9
Let f(b) = 95*b + 582. Let w be f(-4). Calculate the highest common divisor of 7575 and w.
101
Suppose -n + 2*u + 24 = 0, n + 5*u - 55 = -10. Calculate the greatest common divisor of 1110 and n.
30
Let f = 10425 + -8948. What is the highest common factor of f and 91?
7
Let h = -14 + 49. Let j = 325032 - 325017. What is the greatest common factor of h and j?
5
Let v = -13161 - -17701. What is the highest common factor of v and 60?
20
Let j = -315 + 476. Suppose 0 = 3*k - 5*f - 15, -2*k - 3*f - 2*f = -10. Suppose -36 = -k*g + 79. What is the highest common factor of j and g?
23
Let s = 21126 + -20973. Calculate the highest common divisor of s and 731.
17
Let v = 21 + -5. Suppose 321*o - 33872 = 292*o. What is the greatest common factor of v and o?
16
Suppose -7*l = -6*l - 3*f + 20, 0 = f - 7. Suppose 0*v + 3*v = 21. What is the highest common factor of v and l?
1
Let h(k) = -3*k**2 + 66*k - 183. Let y be h(17). What is the greatest common divisor of 936 and y?
72
Suppose 78*q + 2*y = 76*q + 27412, y + 13714 = q. Calculate the greatest common divisor of q and 30.
30
Let k(w) = -w**3 - 4*w**2 + 2*w - 2. Let j be k(-5). Suppose 260 = -j*h + 3*h. Let z = 50 + h. Calculate the greatest common divisor of z and 6.
6
Let k = 2425 - 2411. What is the greatest common factor of 2359 and k?
7
Let y(b) = 10*b - 18. Suppose -9*w + 311 - 284 = 0. Let t be y(w). Calculate the highest common factor of 16 and t.
4
Let g = -96 + 112. Let l(o) = 0 + 48*o + 20*o + 3*o + 2. Let u be l(2). Calculate the greatest common divisor of u and g.
16
Let p(x) = 5*x - 57. Let w be p(17). What is the greatest common divisor of w and 3458?
14
Let j = -13 - -18. Let w(c) = -2*c**3 + 31*c**2 - 9*c - 85. Let x be w(15). Calculate the highest common divisor of x and j.
5
Let n = 470 + -326. Suppose -4*f + n = -3*f. What is the highest common factor of f and 12?
12
Let g(j) = 7*j**2 + 9*j + 151. Let w be g(-8). Calculate the highest common divisor of w and 680.
17
Suppose 21 = -5*g + 26, -3*h = 3*g + 6. Let d = -19 + 52. Let m be (d/(-22))/(h/20). What is the greatest common divisor of m and 70?
10
Let j = -6895 - -24393. Calculate the greatest common divisor of j and 26.
26
Let a = -269 + 277. Let r = 5 - 11. Let p = 18 - r. What is the greatest common factor of p and a?
8
Suppose 9239 + 2035 = 6*q. Suppose -y - 1798 = -q. What is the highest common factor of 9 and y?
9
Suppose -3*f = -5*f + 2068. Suppose -7*a = 15*a - f. Calculate the greatest common divisor of 1 and a.
1
Let s(p) = -10*p**2 + 2*p + 4. Let k = -9 - -7. Let w be s(k). Let g be (-1 - 29)*-1 - w/10. Calculate the greatest common factor of g and 34.
34
Suppose -3*v + 10 + 5 = 0. Let r = 4222 + -4204. Suppose -u + r = v*u. What is the highest common factor of 24 and u?
3
Let u = -4174 - -4903. Calculate the highest common factor of u and 621.
27
Let v(h) = 40*h**2 - 6*h - 5. Let b be v(-1). Let s(f) = f**3 + f**2 + 623. Let p be s(0). Let m = 910 - p. Calculate the greatest common divisor of b and m.
41
Let c(n) = -2*n - 4. Suppose 7*s - 2*s = -55. Let j be c(s). Let o = -411 - -753. What is the highest common factor of j and o?
18
Let u(l) = -138*l - 1215. Let d be u(-9). Calculate the highest common factor of d and 9.
9
Let t = 94 + -57. Suppose 41*z - 36 = t*z. Suppose v + 1664 = z*v. Calculate the highest common divisor of v and 16.
16
Suppose -i = -5 + 6, 8 = -3*l - 2*i. Let y = -10 - -7. Let c be (y - l)*-12 - -1. Calculate the highest common factor of c and 143.
13
Let y(u) = -19*u + 1000. Let p be y(52). Suppose -n - 4*n + 60 = 3*c, -3*n + 4*c + 36 = 0. What is the greatest common divisor of n and p?
12
Suppose 188*o + 5215 - 24175 = 7360. Let g be (-3)/9 - 338/(-6). Calculate the greatest common divisor of o and g.
28
Let y = 8619 - 8613. Calculate the greatest common divisor of y and 6159.
3
Suppose 110*c - 23474 + 374 = 0. Calculate the highest common factor of c and 1344.
42
Suppose 0 = 2*y - 15*y - 22 + 295. Calculate the highest common divisor of y and 1344.
21
Let n = 35813 - 35733. What is the greatest common factor of 1840 and n?
80
Let j = 31506 + -31380. What is the highest common divisor of j and 18606?
42
Suppose 0 = -3*i - 7*z + 2*z + 2450, -5*i - 3*z + 4110 = 0. What is the greatest common divisor of 225 and i?
75
Let j = 6587 + -6482. Calculate the greatest common factor of 225 and j.
15
Let y(z) = -10*z + 213. Let h be y(20). Suppose h*u + 7424 = 42*u. What is the highest common factor of 8 and u?
8
Suppose 2*j = 4*z - 2 - 20, -4*z = 3*j - 17. Let t be (-8)/4 - 26/j. Let p be t/5*150/4. Calculate the greatest common factor of 18 and p.
18
Suppose -78 + 24 = -2*w. Let a be 90/w*603/6. Calculate the highest common divisor of 201 and a.
67
Suppose 4*t + 4*a = 3*a - 200, -3*t - 3*a - 150 = 0. Let b = 52 + t. Let f be 53 - (-5 + b) - 1. Calculate the greatest common factor of 33 and f.
11
Suppose 0 = 2467*o - 2473*o + 11466. Calculate the highest common factor of 126 and o.
21
Suppose -3*z + 8*z + 30 = 0. Let o be (-6)/9 - 1012/z. Let c = 256234 - 256213. What is the highest common factor of c and o?
21
Let o(p) = -23*p + 215. Let n be o(37). Let u = n - -1292. What is the highest common divisor of 16 and u?
16
Let r(v) = -v**2 + 16*v - 1. Let f be r(11). Let b = 10 + f. Suppose 0 = -2*m - 8 + b. Calculate the greatest common divisor of m and 7.
7
Let l be (-10856)/9 + 18/81. Let j be ((-6)/(-9))/((-1)/l). Suppose 8*o - j = 164. Calculate the highest common divisor of o and 11.
11
Let c be 1/(-4)*-12 + 703. Suppose -20*y + c = -614. Calculate the greatest common divisor of 6